{"id":2,"date":"2022-10-06T22:51:29","date_gmt":"2022-10-06T20:51:29","guid":{"rendered":"http:\/\/vraibois.com\/?page_id=2"},"modified":"2024-10-30T17:37:54","modified_gmt":"2024-10-30T16:37:54","slug":"page-d-exemple","status":"publish","type":"page","link":"https:\/\/vraibois.com\/index.php\/page-d-exemple\/","title":{"rendered":"Nos services"},"content":{"rendered":"\n<p>En 2024, Vrai Bois se lance dans une nouvelle activit\u00e9 : la cr\u00e9ation de meuble sur mesure \u00e0 distance. Un projet ambitieux qui m\u00eale technologies LIDAR de pointes, informatique th\u00e9orique, intelligence artificielle et menuiserie. <\/p>\n\n\n\n<p><a href=\"http:\/\/archimeuble.com\">Archimeuble<\/a> est capable de designer des meubles sur mesure, directement \u00e0 partir d&#8217;un scan 3D captur\u00e9 par le client. En un clic vous pourrez visualiser diff\u00e9rentes propositions, puis acheter un meuble, \u00e0 distance !<\/p>\n\n\n\n<figure class=\"wp-block-image size-large\"><a href=\"https:\/\/archimeuble.com\"><img loading=\"lazy\" decoding=\"async\" width=\"1024\" height=\"412\" src=\"https:\/\/vraibois.com\/wp-content\/uploads\/2024\/10\/logo-1-1024x412.jpg\" alt=\"\" class=\"wp-image-293\" srcset=\"https:\/\/vraibois.com\/wp-content\/uploads\/2024\/10\/logo-1-1024x412.jpg 1024w, https:\/\/vraibois.com\/wp-content\/uploads\/2024\/10\/logo-1-300x121.jpg 300w, https:\/\/vraibois.com\/wp-content\/uploads\/2024\/10\/logo-1-768x309.jpg 768w, https:\/\/vraibois.com\/wp-content\/uploads\/2024\/10\/logo-1-1536x618.jpg 1536w, https:\/\/vraibois.com\/wp-content\/uploads\/2024\/10\/logo-1-1200x483.jpg 1200w, https:\/\/vraibois.com\/wp-content\/uploads\/2024\/10\/logo-1.jpg 1905w\" sizes=\"auto, (max-width: 1024px) 100vw, 1024px\" \/><\/a><\/figure>\n\n\n\n<p>Le Vrai Bois peut \u00e9galement fournir une expertise dans de nombreux domaines<\/p>\n\n\n\n<figure class=\"wp-block-gallery has-nested-images columns-default is-cropped wp-block-gallery-1 is-layout-flex wp-block-gallery-is-layout-flex\">\n<figure class=\"wp-block-image size-large\"><img loading=\"lazy\" decoding=\"async\" width=\"1024\" height=\"341\" data-id=\"44\" src=\"http:\/\/vraibois.com\/wp-content\/uploads\/2022\/10\/PHT_ch04_iS1255642550-1024x341.jpeg\" alt=\"\" class=\"wp-image-44\" srcset=\"https:\/\/vraibois.com\/wp-content\/uploads\/2022\/10\/PHT_ch04_iS1255642550-1024x341.jpeg 1024w, https:\/\/vraibois.com\/wp-content\/uploads\/2022\/10\/PHT_ch04_iS1255642550-300x100.jpeg 300w, https:\/\/vraibois.com\/wp-content\/uploads\/2022\/10\/PHT_ch04_iS1255642550-768x256.jpeg 768w, https:\/\/vraibois.com\/wp-content\/uploads\/2022\/10\/PHT_ch04_iS1255642550-1536x511.jpeg 1536w, https:\/\/vraibois.com\/wp-content\/uploads\/2022\/10\/PHT_ch04_iS1255642550.jpeg 2000w\" sizes=\"auto, (max-width: 1024px) 100vw, 1024px\" \/><\/figure>\n<\/figure>\n\n\n\n<ul class=\"wp-block-list\">\n<li>Ing\u00e9nierie structure <\/li>\n\n\n\n<li>Charpente <\/li>\n\n\n\n<li>Second oeuvre<\/li>\n\n\n\n<li>R\u00e9novation<\/li>\n\n\n\n<li>Travaux hydrauliques<\/li>\n\n\n\n<li>Etude budg\u00e9taire<\/li>\n\n\n\n<li>Syst\u00e8me automatique et pilotage \u00e0 distance <\/li>\n\n\n\n<li>Soudure<\/li>\n<\/ul>\n","protected":false},"excerpt":{"rendered":"<p>En 2024, Vrai Bois se lance dans une nouvelle activit\u00e9 : la cr\u00e9ation de meuble sur mesure \u00e0 distance. Un projet ambitieux qui m\u00eale technologies LIDAR de pointes, informatique th\u00e9orique, intelligence artificielle et menuiserie. Archimeuble est capable de designer des meubles sur mesure, directement \u00e0 partir d&#8217;un scan 3D captur\u00e9 par le client. En un [&hellip;]<\/p>\n","protected":false},"author":1,"featured_media":0,"parent":0,"menu_order":0,"comment_status":"closed","ping_status":"open","template":"","meta":{"ngg_post_thumbnail":0,"footnotes":""},"class_list":["post-2","page","type-page","status-publish","hentry"],"_links":{"self":[{"href":"https:\/\/vraibois.com\/index.php\/wp-json\/wp\/v2\/pages\/2","targetHints":{"allow":["GET"]}}],"collection":[{"href":"https:\/\/vraibois.com\/index.php\/wp-json\/wp\/v2\/pages"}],"about":[{"href":"https:\/\/vraibois.com\/index.php\/wp-json\/wp\/v2\/types\/page"}],"author":[{"embeddable":true,"href":"https:\/\/vraibois.com\/index.php\/wp-json\/wp\/v2\/users\/1"}],"replies":[{"embeddable":true,"href":"https:\/\/vraibois.com\/index.php\/wp-json\/wp\/v2\/comments?post=2"}],"version-history":[{"count":9,"href":"https:\/\/vraibois.com\/index.php\/wp-json\/wp\/v2\/pages\/2\/revisions"}],"predecessor-version":[{"id":296,"href":"https:\/\/vraibois.com\/index.php\/wp-json\/wp\/v2\/pages\/2\/revisions\/296"}],"wp:attachment":[{"href":"https:\/\/vraibois.com\/index.php\/wp-json\/wp\/v2\/media?parent=2"}],"curies":[{"name":"wp","href":"https:\/\/api.w.org\/{rel}","templated":true}]}}